{"id":16,"date":"2024-03-07T08:40:22","date_gmt":"2024-03-07T08:40:22","guid":{"rendered":"https:\/\/kentatheme.com\/kenta-creato\/?page_id=16"},"modified":"2025-12-11T18:05:52","modified_gmt":"2025-12-11T23:05:52","slug":"home-2","status":"publish","type":"page","link":"https:\/\/megaequiposdj.com\/","title":{"rendered":"Inicio"},"content":{"rendered":"\n<div class=\"wp-block-cover alignfull has-text-color has-link-color wp-elements-6ea9fee1f2ce915d8090da9b7eea75a5\" style=\"color:#fefefe;min-height:886px;aspect-ratio:unset;\"><img decoding=\"async\" class=\"wp-block-cover__image-background wp-image-81\" alt=\"\" src=\"https:\/\/megaequiposdj.com\/wp-content\/uploads\/2024\/03\/hero-background.jpg\" style=\"object-position:49% 49%\" data-object-fit=\"cover\" data-object-position=\"49% 49%\"\/><span aria-hidden=\"true\" class=\"wp-block-cover__background has-background-dim-20 has-background-dim\"><\/span><div class=\"wp-block-cover__inner-container has-global-padding is-layout-constrained wp-block-cover-is-layout-constrained\">\n<h1 class=\"wp-block-heading alignwide has-text-align-center has-white-color has-text-color has-link-color wp-elements-e1e2ba14dcf880eb172a7945cf5b8fcd\" style=\"font-size:clamp(44.551px, 2.784rem + ((1vw - 3.2px) * 5.055), 86px);font-style:normal;font-weight:700\">Creamos experiencias sonoras<\/h1>\n\n\n\n<div class=\"wp-block-group has-global-padding is-layout-constrained wp-container-core-group-is-layout-e4eaaeb1 wp-block-group-is-layout-constrained\">\n<p class=\"has-text-align-center has-text-color has-link-color has-kenta-font-small-font-size wp-elements-13769ebdf9c1fa2475a2f8752d2f1c41\" style=\"color:#ffffffbf;margin-bottom:var(--wp--preset--spacing--60)\">Tenemos lo mejor en equipos de audio y video profesional<\/p>\n<\/div>\n\n\n\n<div class=\"wp-block-buttons is-content-justification-center is-layout-flex wp-container-core-buttons-is-layout-c3d5205c wp-block-buttons-is-layout-flex\" style=\"margin-top:0;margin-bottom:0\">\n<div class=\"wp-block-button is-style-fill\"><a class=\"wp-block-button__link has-white-color has-kenta-primary-background-color has-text-color has-background has-link-color has-kenta-font-small-font-size has-text-align-center has-custom-font-size wp-element-button\" href=\"#nuestros-productos\" style=\"border-style:none;border-width:0px;border-radius:100px;padding-right:var(--wp--preset--spacing--60);padding-left:var(--wp--preset--spacing--60);font-style:normal;font-weight:600;letter-spacing:1px;text-transform:capitalize\">Comencemos<\/a><\/div>\n<\/div>\n<\/div><\/div>\n\n\n\n<div class=\"wp-block-columns alignwide is-layout-flex wp-container-core-columns-is-layout-1e297cbc wp-block-columns-is-layout-flex\" style=\"padding-top:var(--wp--preset--spacing--70);padding-bottom:var(--wp--preset--spacing--70)\">\n<div class=\"wp-block-column is-layout-flow wp-block-column-is-layout-flow\">\n<div class=\"wp-block-group has-kenta-base-100-background-color has-background has-global-padding is-layout-constrained wp-block-group-is-layout-constrained\" style=\"border-radius:24px;padding-top:var(--wp--preset--spacing--50);padding-bottom:var(--wp--preset--spacing--50)\">\n<p class=\"has-text-align-center has-kenta-accent-color has-text-color has-link-color has-5-x-large-font-size wp-elements-fe7bf1185529fc9eac5b788f33f10065\" style=\"margin-top:0;margin-right:0;margin-bottom:0;margin-left:0;font-style:normal;font-weight:800\">2007<\/p>\n\n\n\n<p class=\"has-text-align-center has-kenta-font-small-font-size\" style=\"margin-top:0;margin-bottom:0;text-transform:uppercase\">fundaci\u00f3n<\/p>\n<\/div>\n<\/div>\n\n\n\n<div class=\"wp-block-column is-layout-flow wp-block-column-is-layout-flow\">\n<div class=\"wp-block-group has-kenta-base-100-background-color has-background has-global-padding is-layout-constrained wp-block-group-is-layout-constrained\" style=\"border-radius:24px;padding-top:var(--wp--preset--spacing--50);padding-bottom:var(--wp--preset--spacing--50)\">\n<p class=\"has-text-align-center has-kenta-accent-color has-text-color has-link-color has-5-x-large-font-size wp-elements-c2d482c2310dbf5e73e8ecbfa064fff6\" style=\"margin-top:0;margin-right:0;margin-bottom:0;margin-left:0;font-style:normal;font-weight:800\">ECUADOR<\/p>\n\n\n\n<p class=\"has-text-align-center has-kenta-font-small-font-size\" style=\"margin-top:0;margin-bottom:0;text-transform:uppercase\">clientes a nivel nacional<\/p>\n<\/div>\n<\/div>\n\n\n\n<div class=\"wp-block-column is-layout-flow wp-block-column-is-layout-flow\">\n<div class=\"wp-block-group has-kenta-base-100-background-color has-background has-global-padding is-layout-constrained wp-block-group-is-layout-constrained\" style=\"border-radius:24px;padding-top:var(--wp--preset--spacing--50);padding-bottom:var(--wp--preset--spacing--50)\">\n<p class=\"has-text-align-center has-kenta-accent-color has-text-color has-link-color has-4-x-large-font-size wp-elements-a37fdff8c397213c19425126d648f668\" style=\"margin-top:0;margin-right:0;margin-bottom:0;margin-left:0;font-style:normal;font-weight:800\">EXPERIENCIA<\/p>\n\n\n\n<p class=\"has-text-align-center has-kenta-font-small-font-size\" style=\"margin-top:0;margin-bottom:0;text-transform:uppercase\">EN SERVICIO T\u00c9CNICO<\/p>\n<\/div>\n<\/div>\n\n\n\n<div class=\"wp-block-column is-layout-flow wp-block-column-is-layout-flow\">\n<div class=\"wp-block-group has-kenta-base-100-background-color has-background has-global-padding is-layout-constrained wp-block-group-is-layout-constrained\" style=\"border-radius:24px;padding-top:var(--wp--preset--spacing--50);padding-bottom:var(--wp--preset--spacing--50)\">\n<p class=\"has-text-align-center has-kenta-accent-color has-text-color has-link-color has-5-x-large-font-size wp-elements-bd8f8599e761cc870f000ea671019bf6\" style=\"margin-top:0;margin-right:0;margin-bottom:0;margin-left:0;font-style:normal;font-weight:800\">30+<\/p>\n\n\n\n<p class=\"has-text-align-center has-kenta-font-small-font-size\" style=\"margin-top:0;margin-bottom:0;text-transform:uppercase\">MARCAS QUE CONFIAN EN NOSOTROS<\/p>\n<\/div>\n<\/div>\n<\/div>\n\n\n\n<div class=\"wp-block-group alignfull has-global-padding is-layout-constrained wp-block-group-is-layout-constrained\">\n<div class=\"wp-block-group alignwide has-global-padding is-layout-constrained wp-block-group-is-layout-constrained\" style=\"margin-top:var(--wp--preset--spacing--60);margin-bottom:var(--wp--preset--spacing--60);padding-top:0;padding-bottom:0\">\n<div class=\"wp-block-group has-global-padding is-layout-constrained wp-container-core-group-is-layout-5dbfa541 wp-block-group-is-layout-constrained\" style=\"padding-right:var(--wp--preset--spacing--50);padding-left:var(--wp--preset--spacing--50)\">\n<h2 class=\"wp-block-heading has-text-align-center nuestros_productos has-kenta-font-large-font-size\" id=\"nuestros-productos\" style=\"margin-top:0;margin-bottom:0\">Nuestros Productos<\/h2>\n\n\n\n<p class=\"has-text-align-center\" style=\"margin-top:12px;margin-bottom:48px\">Tenemos variedad de productos en audio y video profesional como:<\/p>\n<\/div>\n\n\n\n<div class=\"wp-block-columns alignwide is-layout-flex wp-container-core-columns-is-layout-0111f410 wp-block-columns-is-layout-flex\" style=\"padding-right:var(--wp--preset--spacing--50);padding-left:var(--wp--preset--spacing--50)\">\n<div class=\"wp-block-column is-layout-flow wp-block-column-is-layout-flow\">\n<div class=\"wp-block-cover has-custom-content-position is-position-bottom-center\" style=\"border-radius:16px;padding-top:var(--wp--preset--spacing--50);padding-right:var(--wp--preset--spacing--50);padding-bottom:var(--wp--preset--spacing--50);padding-left:var(--wp--preset--spacing--50);min-height:430px;aspect-ratio:unset;\"><img loading=\"lazy\" decoding=\"async\" width=\"500\" height=\"500\" class=\"wp-block-cover__image-background wp-image-227 size-full\" alt=\"Parlante Profesional Color negro FBT PRO\" src=\"https:\/\/megaequiposdj.com\/wp-content\/uploads\/2025\/11\/Caja-Amplificada-FBT-X-PRO-115A-Ditronics-Ecuador-2-Parlante-Profesional-removebg-preview.png\" data-object-fit=\"cover\" srcset=\"https:\/\/megaequiposdj.com\/wp-content\/uploads\/2025\/11\/Caja-Amplificada-FBT-X-PRO-115A-Ditronics-Ecuador-2-Parlante-Profesional-removebg-preview.png 500w, https:\/\/megaequiposdj.com\/wp-content\/uploads\/2025\/11\/Caja-Amplificada-FBT-X-PRO-115A-Ditronics-Ecuador-2-Parlante-Profesional-removebg-preview-100x100.png 100w, https:\/\/megaequiposdj.com\/wp-content\/uploads\/2025\/11\/Caja-Amplificada-FBT-X-PRO-115A-Ditronics-Ecuador-2-Parlante-Profesional-removebg-preview-300x300.png 300w, https:\/\/megaequiposdj.com\/wp-content\/uploads\/2025\/11\/Caja-Amplificada-FBT-X-PRO-115A-Ditronics-Ecuador-2-Parlante-Profesional-removebg-preview-150x150.png 150w\" sizes=\"auto, (max-width: 500px) 100vw, 500px\" \/><span aria-hidden=\"true\" class=\"wp-block-cover__background has-background-dim-40 has-background-dim\"><\/span><div class=\"wp-block-cover__inner-container has-global-padding is-layout-constrained wp-container-core-cover-is-layout-0747478d wp-block-cover-is-layout-constrained\">\n<p class=\"has-text-align-left has-white-color has-text-color has-link-color has-kenta-font-small-font-size wp-elements-6896306a5e4dd74fec2fccd5cd75521c\" style=\"font-style:normal;font-weight:700\">Parlantes Activos y Pasivos<\/p>\n\n\n\n<p class=\"has-text-align-left has-kenta-primary-color has-text-color has-link-color wp-elements-9d0b37d6ef39a2038e1377eaaa08fbe8\"><a href=\"http:\/\/www.megaequiposdj.com\/index.php\/tienda#tienda-parlantes\" class=\"#tienda_parlantes\">Ver Productos<\/a><\/p>\n<\/div><\/div>\n<\/div>\n\n\n\n<div class=\"wp-block-column is-layout-flow wp-block-column-is-layout-flow\">\n<div class=\"wp-block-cover has-custom-content-position is-position-bottom-center\" style=\"border-radius:16px;padding-top:var(--wp--preset--spacing--50);padding-right:var(--wp--preset--spacing--50);padding-bottom:var(--wp--preset--spacing--50);padding-left:var(--wp--preset--spacing--50);min-height:430px;aspect-ratio:unset;\"><img loading=\"lazy\" decoding=\"async\" width=\"1024\" height=\"1024\" class=\"wp-block-cover__image-background wp-image-924 size-full\" alt=\"\" src=\"https:\/\/megaequiposdj.com\/wp-content\/uploads\/2025\/12\/efecto-4-en-1-control-remoto-led-laser-strobo-uv-luces-dj-0cf9e52721c70f387117305067984866-1024-1024.png\" data-object-fit=\"cover\" srcset=\"https:\/\/megaequiposdj.com\/wp-content\/uploads\/2025\/12\/efecto-4-en-1-control-remoto-led-laser-strobo-uv-luces-dj-0cf9e52721c70f387117305067984866-1024-1024.png 1024w, https:\/\/megaequiposdj.com\/wp-content\/uploads\/2025\/12\/efecto-4-en-1-control-remoto-led-laser-strobo-uv-luces-dj-0cf9e52721c70f387117305067984866-1024-1024-300x300.png 300w, https:\/\/megaequiposdj.com\/wp-content\/uploads\/2025\/12\/efecto-4-en-1-control-remoto-led-laser-strobo-uv-luces-dj-0cf9e52721c70f387117305067984866-1024-1024-150x150.png 150w, https:\/\/megaequiposdj.com\/wp-content\/uploads\/2025\/12\/efecto-4-en-1-control-remoto-led-laser-strobo-uv-luces-dj-0cf9e52721c70f387117305067984866-1024-1024-768x768.png 768w, https:\/\/megaequiposdj.com\/wp-content\/uploads\/2025\/12\/efecto-4-en-1-control-remoto-led-laser-strobo-uv-luces-dj-0cf9e52721c70f387117305067984866-1024-1024-600x600.png 600w, https:\/\/megaequiposdj.com\/wp-content\/uploads\/2025\/12\/efecto-4-en-1-control-remoto-led-laser-strobo-uv-luces-dj-0cf9e52721c70f387117305067984866-1024-1024-100x100.png 100w\" sizes=\"auto, (max-width: 1024px) 100vw, 1024px\" \/><span aria-hidden=\"true\" class=\"wp-block-cover__background has-black-background-color has-background-dim-40 has-background-dim\"><\/span><div class=\"wp-block-cover__inner-container has-global-padding is-layout-constrained wp-container-core-cover-is-layout-0747478d wp-block-cover-is-layout-constrained\">\n<p class=\"has-text-align-left has-white-color has-text-color has-link-color has-kenta-font-small-font-size wp-elements-a72a145df5c316bc8a833bede1d56ec8\" style=\"font-style:normal;font-weight:700\">Luces Led y Laser<\/p>\n\n\n\n<p class=\"has-text-align-left\"><a href=\"https:\/\/megaequiposdj.com\/index.php\/tienda\/\" data-type=\"page\" data-id=\"94\">Ver Productos<\/a><\/p>\n<\/div><\/div>\n<\/div>\n\n\n\n<div class=\"wp-block-column is-layout-flow wp-block-column-is-layout-flow\">\n<div class=\"wp-block-cover has-custom-content-position is-position-bottom-center\" style=\"border-radius:16px;padding-top:var(--wp--preset--spacing--50);padding-right:var(--wp--preset--spacing--50);padding-bottom:var(--wp--preset--spacing--50);padding-left:var(--wp--preset--spacing--50);min-height:430px;aspect-ratio:unset;\"><img loading=\"lazy\" decoding=\"async\" width=\"500\" height=\"500\" class=\"wp-block-cover__image-background wp-image-801 size-full\" alt=\"Micr\u00f3fono vocal din\u00e1mico de mano Shure SV200 con c\u00e1psula robusta y patr\u00f3n polar cardioide uniforme. Dise\u00f1ado para ofrecer una alta ganancia antes de la retroalimentaci\u00f3n. Ideal para aplicaciones de karaoke, refuerzo de sonido en vivo y grabaciones de voz claras. Incluye rejilla met\u00e1lica, cable XLR y switch de encendido\/apagado. Micr\u00f3fono vers\u00e1til de la serie SV, con calidad de sonido fiable.\" src=\"https:\/\/megaequiposdj.com\/wp-content\/uploads\/2025\/11\/MICROFONO-VOCAL-SV200-SHURE-4-removebg-preview.png\" style=\"object-position:88% 28%\" data-object-fit=\"cover\" data-object-position=\"88% 28%\" srcset=\"https:\/\/megaequiposdj.com\/wp-content\/uploads\/2025\/11\/MICROFONO-VOCAL-SV200-SHURE-4-removebg-preview.png 500w, https:\/\/megaequiposdj.com\/wp-content\/uploads\/2025\/11\/MICROFONO-VOCAL-SV200-SHURE-4-removebg-preview-100x100.png 100w, https:\/\/megaequiposdj.com\/wp-content\/uploads\/2025\/11\/MICROFONO-VOCAL-SV200-SHURE-4-removebg-preview-300x300.png 300w, https:\/\/megaequiposdj.com\/wp-content\/uploads\/2025\/11\/MICROFONO-VOCAL-SV200-SHURE-4-removebg-preview-150x150.png 150w\" sizes=\"auto, (max-width: 500px) 100vw, 500px\" \/><span aria-hidden=\"true\" class=\"wp-block-cover__background has-black-background-color has-background-dim-40 has-background-dim\"><\/span><div class=\"wp-block-cover__inner-container has-global-padding is-layout-constrained wp-container-core-cover-is-layout-0747478d wp-block-cover-is-layout-constrained\">\n<p class=\"has-text-align-left has-white-color has-text-color has-link-color has-kenta-font-small-font-size wp-elements-b70291ab6bca7ef35f28b4425a4409eb\" style=\"font-style:normal;font-weight:700\">Micr\u00f3fonos<\/p>\n\n\n\n<p class=\"has-text-align-left\"><a href=\"https:\/\/megaequiposdj.com\/index.php\/tienda#microfonos\" data-type=\"page\" data-id=\"94\">Ver Productos<\/a><\/p>\n<\/div><\/div>\n<\/div>\n\n\n\n<div class=\"wp-block-column is-layout-flow wp-block-column-is-layout-flow\">\n<div class=\"wp-block-cover has-custom-content-position is-position-bottom-center\" style=\"border-radius:16px;padding-top:var(--wp--preset--spacing--50);padding-right:var(--wp--preset--spacing--50);padding-bottom:var(--wp--preset--spacing--50);padding-left:var(--wp--preset--spacing--50);min-height:430px;aspect-ratio:unset;\"><img loading=\"lazy\" decoding=\"async\" width=\"225\" height=\"225\" class=\"wp-block-cover__image-background wp-image-925 size-full\" alt=\"\" src=\"https:\/\/megaequiposdj.com\/wp-content\/uploads\/2025\/12\/images.jpg\" style=\"object-position:59% 32%\" data-object-fit=\"cover\" data-object-position=\"59% 32%\" srcset=\"https:\/\/megaequiposdj.com\/wp-content\/uploads\/2025\/12\/images.jpg 225w, https:\/\/megaequiposdj.com\/wp-content\/uploads\/2025\/12\/images-150x150.jpg 150w, https:\/\/megaequiposdj.com\/wp-content\/uploads\/2025\/12\/images-100x100.jpg 100w\" sizes=\"auto, (max-width: 225px) 100vw, 225px\" \/><span aria-hidden=\"true\" class=\"wp-block-cover__background has-black-background-color has-background-dim-40 has-background-dim\"><\/span><div class=\"wp-block-cover__inner-container has-global-padding is-layout-constrained wp-container-core-cover-is-layout-0747478d wp-block-cover-is-layout-constrained\">\n<p class=\"has-text-align-left has-white-color has-text-color has-link-color has-kenta-font-small-font-size wp-elements-15a51356ece39731e13fc9b163cc2577\" style=\"font-style:normal;font-weight:700\">Cables de Alta Calidad<\/p>\n\n\n\n<p class=\"has-text-align-left\"><a href=\"https:\/\/megaequiposdj.com\/index.php\/tienda\/\" data-type=\"page\" data-id=\"94\">Ver Productos<\/a><\/p>\n<\/div><\/div>\n<\/div>\n<\/div>\n<\/div>\n<\/div>\n\n\n\n<div class=\"wp-block-group alignfull has-global-padding is-layout-constrained wp-block-group-is-layout-constrained\" style=\"padding-top:var(--wp--preset--spacing--70);padding-bottom:var(--wp--preset--spacing--70)\">\n<div class=\"wp-block-columns alignwide are-vertically-aligned-center is-layout-flex wp-container-core-columns-is-layout-a3654622 wp-block-columns-is-layout-flex\" style=\"padding-right:var(--wp--preset--spacing--50);padding-left:var(--wp--preset--spacing--50)\">\n<div class=\"wp-block-column is-vertically-aligned-center is-layout-flow wp-block-column-is-layout-flow\" style=\"flex-basis:50%\">\n<h2 class=\"wp-block-heading\">Y si tienes problemas con tus equipos<\/h2>\n\n\n\n<ul style=\"line-height:1.75\" class=\"wp-block-list is-style-checkmark-list\">\n<li>Conotamos con expertos en electronica y electricidad que estaran dispuestos a ayudarte a solucionar los da\u00f1os de tus equipos<\/li>\n<\/ul>\n\n\n\n<div class=\"wp-block-buttons is-layout-flex wp-container-core-buttons-is-layout-da267d74 wp-block-buttons-is-layout-flex\">\n<div class=\"wp-block-button\"><a class=\"wp-block-button__link has-kenta-font-xsmall-font-size has-custom-font-size wp-element-button\" href=\"http:\/\/wa.link\/f7xmby\" style=\"border-radius:100px\">Cont\u00e1ctanos al WhatsApp<\/a><\/div>\n\n\n\n<div class=\"wp-block-button is-style-outline is-style-outline--1\"><a class=\"wp-block-button__link has-kenta-font-xsmall-font-size has-custom-font-size wp-element-button\" href=\"https:\/\/megaequiposdj.com\/index.php\/servicio-tecnico\/\" style=\"border-radius:100px\">O dejanos Tus Datos<\/a><\/div>\n<\/div>\n<\/div>\n\n\n\n<div class=\"wp-block-column is-vertically-aligned-center is-layout-flow wp-block-column-is-layout-flow\" style=\"flex-basis:50%\">\n<figure class=\"wp-block-image size-full has-custom-border is-style-default\"><img loading=\"lazy\" decoding=\"async\" width=\"1024\" height=\"559\" src=\"https:\/\/megaequiposdj.com\/wp-content\/uploads\/2025\/12\/unnamed.jpg\" alt=\"Persona tecnico mirando camra\" class=\"wp-image-926\" style=\"border-radius:32px;aspect-ratio:4\/3;object-fit:cover\" srcset=\"https:\/\/megaequiposdj.com\/wp-content\/uploads\/2025\/12\/unnamed.jpg 1024w, https:\/\/megaequiposdj.com\/wp-content\/uploads\/2025\/12\/unnamed-300x164.jpg 300w, https:\/\/megaequiposdj.com\/wp-content\/uploads\/2025\/12\/unnamed-768x419.jpg 768w, https:\/\/megaequiposdj.com\/wp-content\/uploads\/2025\/12\/unnamed-600x328.jpg 600w\" sizes=\"auto, (max-width: 1024px) 100vw, 1024px\" \/><\/figure>\n<\/div>\n<\/div>\n<\/div>\n\n\n\n<div class=\"wp-block-group alignfull has-border-color has-kenta-base-50-border-color has-white-color has-text-color has-background has-link-color wp-elements-14fe269ac785e4b458fbd541308df6b5 has-global-padding is-layout-constrained wp-container-core-group-is-layout-037b85a1 wp-block-group-is-layout-constrained\" style=\"background-color:#141414;margin-top:var(--wp--preset--spacing--70);margin-bottom:var(--wp--preset--spacing--70);padding-top:var(--wp--preset--spacing--80);padding-bottom:var(--wp--preset--spacing--80)\">\n<p class=\"has-text-align-center has-xxx-large-font-size\">\u201cCreemos que un buen sonido mejora la experiencia de cada cliente.\u201d<\/p>\n\n\n\n<div class=\"wp-block-group has-global-padding is-layout-constrained wp-container-core-group-is-layout-19e250f3 wp-block-group-is-layout-constrained\">\n<p class=\"has-text-align-center\">Alberto Quinche<\/p>\n\n\n\n<p class=\"has-text-align-center has-text-color has-link-color wp-elements-7c94971600f5c8d87407880e2ce9fe93\" style=\"color:#ffffff80\">CEO<\/p>\n<\/div>\n<\/div>\n\n\n\n<div class=\"wp-block-cover alignfull has-kenta-accent-color has-text-color has-link-color wp-elements-ce5bd52098a3bc59546f909f012503e5\"><span aria-hidden=\"true\" class=\"wp-block-cover__background has-kenta-base-100-background-color has-background-dim-100 has-background-dim\"><\/span><div class=\"wp-block-cover__inner-container has-global-padding is-layout-constrained wp-container-core-cover-is-layout-7d0d3654 wp-block-cover-is-layout-constrained\">\n<h2 class=\"wp-block-heading has-text-align-center has-kenta-font-large-font-size\" style=\"margin-top:0;margin-bottom:0\">Suscribete a nuestro Newsletter<\/h2>\n\n\n\n<p class=\"has-text-align-center\">Enterate de nuestro nuevos productos y servicios<\/p>\n\n\n\n<div class=\"wp-block-buttons is-content-justification-center is-layout-flex wp-container-core-buttons-is-layout-da216ec1 wp-block-buttons-is-layout-flex\" style=\"margin-top:var(--wp--preset--spacing--x-small);margin-bottom:var(--wp--preset--spacing--x-small)\">\n<div class=\"wp-block-button is-style-fill\"><a class=\"wp-block-button__link has-white-color has-kenta-primary-background-color has-text-color has-background has-link-color has-kenta-font-small-font-size has-text-align-center has-custom-font-size wp-element-button\" href=\"https:\/\/t.me\/tiendamega\" style=\"border-style:none;border-width:0px;border-radius:100px;padding-right:var(--wp--preset--spacing--60);padding-left:var(--wp--preset--spacing--60);font-style:normal;font-weight:600;letter-spacing:1px;text-transform:capitalize\" target=\"_blank\" rel=\"noreferrer noopener\">Recibir en Telegram<\/a><\/div>\n<\/div>\n<\/div><\/div>\n\n\n\n<p><\/p>\n","protected":false},"excerpt":{"rendered":"<p>2007 fundaci\u00f3n ECUADOR clientes a nivel nacional EXPERIENCIA EN SERVICIO T\u00c9CNICO 30+ MARCAS QUE CONFIAN EN NOSOTROS Nuestros Productos Tenemos variedad de productos en audio y video profesional como: Y si tienes problemas con tus equipos \u201cCreemos que un buen sonido mejora la experiencia de cada cliente.\u201d Alberto Quinche CEO<\/p>\n","protected":false},"author":1,"featured_media":0,"parent":0,"menu_order":0,"comment_status":"closed","ping_status":"closed","template":"","meta":{"site-container-style":"default","site-container-layout":"default","site-sidebar-layout":"default","site-transparent-header":"enable","disable-article-header":"yes","disable-site-header":"default","disable-site-footer":"default","disable-content-area-spacing":"default","advanced_seo_description":"","jetpack_seo_html_title":"","jetpack_seo_noindex":false,"footnotes":""},"class_list":["post-16","page","type-page","status-publish","hentry"],"jetpack_sharing_enabled":true,"_links":{"self":[{"href":"https:\/\/megaequiposdj.com\/index.php\/wp-json\/wp\/v2\/pages\/16","targetHints":{"allow":["GET"]}}],"collection":[{"href":"https:\/\/megaequiposdj.com\/index.php\/wp-json\/wp\/v2\/pages"}],"about":[{"href":"https:\/\/megaequiposdj.com\/index.php\/wp-json\/wp\/v2\/types\/page"}],"author":[{"embeddable":true,"href":"https:\/\/megaequiposdj.com\/index.php\/wp-json\/wp\/v2\/users\/1"}],"replies":[{"embeddable":true,"href":"https:\/\/megaequiposdj.com\/index.php\/wp-json\/wp\/v2\/comments?post=16"}],"version-history":[{"count":20,"href":"https:\/\/megaequiposdj.com\/index.php\/wp-json\/wp\/v2\/pages\/16\/revisions"}],"predecessor-version":[{"id":990,"href":"https:\/\/megaequiposdj.com\/index.php\/wp-json\/wp\/v2\/pages\/16\/revisions\/990"}],"wp:attachment":[{"href":"https:\/\/megaequiposdj.com\/index.php\/wp-json\/wp\/v2\/media?parent=16"}],"curies":[{"name":"wp","href":"https:\/\/api.w.org\/{rel}","templated":true}]}}